prime factors of 105827?
97, 1091
List the prime factors of 55830.
2, 3, 5, 1861
What are the prime factors of 1122?
2, 3, 11, 17
List the prime factors of 730.
2, 5, 73
List the prime factors of 1575.
3, 5, 7
What are the prime factors of 2911?
41, 71
List the prime factors of 7404.
2, 3, 617
What are the prime factors of 3965?
5, 13, 61
What are the prime factors of 1559?
1559
List the prime factors of 1165.
5, 233
What are the prime factors of 7?
7
List the prime factors of 43511.
13, 3347
List the prime factors of 3521.
7, 503
What are the prime factors of 67440?
2, 3, 5, 281
What are the prime factors of 12546?
2, 3, 17, 41
List the prime factors of 41151.
3, 11, 29, 43
List the prime factors of 389.
389
List the prime factors of 17530.
2, 5, 1753
List the prime factors of 554.
2, 277
List the prime factors of 1511.
1511
List the prime factors of 3164.
2, 7, 113
List the prime factors of 3179.
11, 17
List the prime factors of 1695.
3, 5, 113
What are the prime factors of 1858?
2, 929
What are the prime factors of 6268?
2, 1567
List the prime factors of 61213.
41, 1493
What are the prime factors of 177201?
3, 6563
What are the prime factors of 68644?
2, 131
What are the prime factors of 97?
97
What are the prime factors of 307?
307
List the prime factors of 1656.
2, 3, 23
What are the prime factors of 83448?
2, 3, 19, 61
What are the prime factors of 3431?
47, 73
What are the prime factors of 862?
2, 431
List the prime factors of 5450.
2, 5, 109
List the prime factors of 5523.
3, 7, 263
What are the prime factors of 2225?
5, 89
List the prime factors of 571.
571
List the prime factors of 2234.
2, 1117
What are the prime factors of 4728?
2, 3, 197
What are the prime factors of 89763?
3, 29921
What are the prime factors of 432?
2, 3
List the prime factors of 14526.
2, 3, 269
What are the prime factors of 36452?
2, 13, 701
What are the prime factors of 5578?
2, 2789
What are the prime factors of 5954?
2, 13, 229
List the prime factors of 35237.
167, 211
List the prime factors of 1086.
2, 3, 181
List the prime factors of 710.
2, 5, 71
What are the prime factors of 5461?
43, 127
List the prime factors of 1049.
1049
What are the prime factors of 40326?
2, 3, 11, 13, 47
What are the prime factors of 845?
5, 13
List the prime factors of 52489.
52489
List the prime factors of 3274.
2, 1637
What are the prime factors of 74904?
2, 3, 3121
What are the prime factors of 80392?
2, 13, 773
List the prime factors of 7417.
7417
What are the prime factors of 1283?
1283
List the prime factors of 6106.
2, 43, 71
List the prime factors of 4722.
2, 3, 787
List the prime factors of 11325.
3, 5, 151
What are the prime factors of 569?
569
List the prime factors of 1283.
1283
List the prime factors of 99677.
263, 379
What are the prime factors of 3854?
2, 41, 47
What are the prime factors of 2916?
2, 3
What are the prime factors of 1312?
2, 41
What are the prime factors of 3732?
2, 3, 311
List the prime factors of 1674.
2, 3, 31
List the prime factors of 7423.
13, 571
What are the prime factors of 8370?
2, 3, 5, 31
What are the prime factors of 67629?
3, 22543
List the prime factors of 394.
2, 197
List the prime factors of 63999.
3, 13, 547
List the prime factors of 1945.
5, 389
What are the prime factors of 2553?
3, 23, 37
What are the prime factors of 1044?
2, 3, 29
What are the prime factors of 3300?
2, 3, 5, 11
List the prime factors of 1050.
2, 3, 5, 7
What are the prime factors of 6506?
2, 3253
What are the prime factors of 167649?
3, 29, 41, 47
List the prime factors of 4945.
5, 23, 43
List the prime factors of 21726.
2, 3, 17, 71
What are the prime factors of 3625?
5, 29
List the prime factors of 5979.
3, 1993
List the prime factors of 2620.
2, 5, 131
List the prime factors of 5540.
2, 5, 277
What are the prime factors of 39162?
2, 3, 61, 107
What are the prime factors of 42038?
2, 21019
What are the prime factors of 3993?
3, 11
List the prime factors of 363.
3, 11
What are the prime factors of 9112?
2, 17, 67
What are the prime factors of 52258?
2, 17, 29, 53
What are the prime factors of 5079?
3, 1693
List the prime factors of 2802.
2, 3, 467
List the prime factors of 1810.
2, 5, 181
List the prime factors of 17068.
2, 17, 251
List the prime factors of 1272.
2, 3, 53
What are the prime factors of 2335?
5, 467
List the prime factors of 104290.
2, 5, 10429
What are the prime factors of 35821?
113, 317
What are the prime factors of 6444?
2, 3, 179
List the prime factors of 3116.
2, 19, 41
What are the prime factors of 456?
2, 3, 19
List the prime factors of 11755.
5, 2351
List the prime factors of 66663.
3, 823
What are the prime factors of 15504?
2, 3, 17, 19
List the prime factors of 1244.
2, 311
List the prime factors of 13688.
2, 29, 59
List the prime factors of 6609.
3, 2203
List the prime factors of 41490.
2, 3, 5, 461
List the prime factors of 23835.
3, 5, 7, 227
List the prime factors of 4509.
3, 167
What are the prime factors of 1063?
1063
List the prime factors of 2650.
2, 5, 53
What are the prime factors of 5249?
29, 181
What are the prime factors of 6556?
2, 11, 149
What are the prime factors of 3000?
2, 3, 5
What are the prime factors of 6141?
3, 23, 89
What are the prime factors of 890?
2, 5, 89
What are the prime factors of 8371?
11, 761
What are the prime factors of 3585?
3, 5, 239
List the prime factors of 200.
2, 5
What are the prime factors of 63290?
2, 5, 6329
List the prime factors of 30402.
2, 3, 563
What are the prime factors of 2692?
2, 673
List the prime factors of 3156.
2, 3, 263
What are the prime factors of 2745?
3, 5, 61
List the prime factors of 1628.
2, 11, 37
What are the prime factors of 794?
2, 397
What are the prime factors of 2520?
2, 3, 5, 7
List the prime factors of 36594.
2, 3, 19, 107
List the prime factors of 215.
5, 43
What are the prime factors of 81?
3
What are the prime factors of 26024?
2, 3253
List the prime factors of 691.
691
What are the prime factors of 1471?
1471
What are the prime factors of 6205?
5, 17, 73
List the prime factors of 11624.
2, 1453
What are the prime factors of 7322?
2, 7, 523
What are the prime factors of 1604?
2, 401
List the prime factors of 1446.
2, 3, 241
List the prime factors of 763.
7, 109
List the prime factors of 822.
2, 3, 137
List the prime factors of 6219.
3, 691
What are the prime factors of 1125?
3, 5
List the prime factors of 1818.
2, 3, 101
What are the prime factors of 2835?
3, 5, 7
What are the prime factors of 4422?
2, 3, 11, 67
List the prime factors of 6152.
2, 769
What are the prime factors of 9006?
2, 3, 19, 79
List the prime factors of 1437.
3, 479
List the prime factors of 8049.
3, 2683
List the prime factors of 1121.
19, 59
What are the prime factors of 43539?
3, 23, 631
List the prime factors of 10097.
23, 439
What are the prime factors of 25073?
25073
List the prime factors of 485.
5, 97
What are the prime factors of 5773?
23, 251
List the prime factors of 543.
3, 181
List the prime factors of 727.
727
List the prime factors of 61143.
3, 89, 229
List the prime factors of 2461.
23, 107
List the prime factors of 6665.
5, 31, 43
List the prime factors of 7685.
5, 29, 53
What are the prime factors of 3319?
3319
What are the prime factors of 11986?
2, 13, 461
What are the prime factors of 114884?
2, 7, 11, 373
What are the prime factors of 1944?
2, 3
What are the prime factors of 3008?
2, 47
What are the prime factors of 1301?
1301
What are the prime factors of 1059?
3, 353
What are the prime factors of 745?
5, 149
What are the prime factors of 96?
2, 3
List the prime factors of 340.
2, 5, 17
What are the prime factors of 447?
3, 149
What are the prime factors of 9804?
2, 3, 19, 43
List the prime factors of 2397.
3, 17, 47
What are the prime factors of 1625?
5, 13
List the prime factors of 516.
2, 3, 43
List the prime factors of 29178.
2, 3, 1621
What are the prime factors of 21536?
2, 673
What are the prime factors of 1727?
11, 157
List the prime factors of 165112.
2, 20639
List the prime factors of 58155.
3, 5, 3877
List the prime factors of 1249.
1249
What are the prime factors of 1030?
2, 5, 103
What are the prime factors of 813?
3, 271
What are the prime factors of 715?
5, 11, 13
List the prime factors of 397.
397
What are the prime factors of 402?
2, 3, 67